{"id":61,"date":"2014-11-23T18:21:44","date_gmt":"2014-11-23T18:21:44","guid":{"rendered":"http:\/\/e-ubezpieczenia.net.pl\/?page_id=61"},"modified":"2015-01-29T15:38:26","modified_gmt":"2015-01-29T15:38:26","slug":"ubezpieczenie-domu","status":"publish","type":"page","link":"https:\/\/e-ubezpieczenia.net.pl\/?page_id=61","title":{"rendered":"Ubezpieczenie Domu"},"content":{"rendered":"<p><a href=\"http:\/\/e-ubezpieczenia.net.pl\/wp-content\/uploads\/2014\/11\/dom-i-mieszkanie.jpg\"><img loading=\"lazy\" decoding=\"async\" class=\"  wp-image-14 alignleft\" src=\"http:\/\/e-ubezpieczenia.net.pl\/wp-content\/uploads\/2014\/11\/dom-i-mieszkanie.jpg\" alt=\"dom-i-mieszkanie\" width=\"1295\" height=\"304\" srcset=\"https:\/\/e-ubezpieczenia.net.pl\/wp-content\/uploads\/2014\/11\/dom-i-mieszkanie.jpg 1960w, https:\/\/e-ubezpieczenia.net.pl\/wp-content\/uploads\/2014\/11\/dom-i-mieszkanie-300x70.jpg 300w, https:\/\/e-ubezpieczenia.net.pl\/wp-content\/uploads\/2014\/11\/dom-i-mieszkanie-1024x240.jpg 1024w, https:\/\/e-ubezpieczenia.net.pl\/wp-content\/uploads\/2014\/11\/dom-i-mieszkanie-210x49.jpg 210w\" sizes=\"auto, (max-width: 1295px) 100vw, 1295px\" \/><\/a><\/p>\n<p>&nbsp;<\/p>\n<p>&nbsp;<\/p>\n<p>&nbsp;<\/p>\n<p>&nbsp;<\/p>\n<p>&nbsp;<\/p>\n<p>&nbsp;<\/p>\n<p>&nbsp;<\/p>\n<p>&nbsp;<\/p>\n<p>&nbsp;<\/p>\n<p>Pakiet \u201eBezpieczny DOM&#8221; to nowa, bardzo atrakcyjna forma kompleksowego zabezpieczenia wielu obszar\u00f3w Pa\u0144stwa \u017cycia osobistego \u2013 domu, przedmiot\u00f3w mienia ruchomego, pomocy prawnej, odpowiedzialno\u015bci cywilnej, zabezpieczenia na nast\u0119pstw nieszcz\u0119\u015bliwych wypadk\u00f3w. Zaproponowali\u015bmy Pa\u0144stwu bardzo uproszczon\u0105 przy czym bardzo korzystn\u0105 form\u0119 zawarcia umowy ubezpieczenia. Produkt adresujemy specjalnie do os\u00f3b fizycznych (zar\u00f3wno obywateli Polski jak i innego kraju, kt\u00f3rzy posiadaj\u0105 odpowiedni tytu\u0142 prawny do posiadanego mienia).<\/p>\n<h2>Co i w jakim zakresie mo\u017ce zosta\u0107 obj\u0119te ubezpieczeniem?<\/h2>\n<p>Konstrukcja Pakietu pozwala na kompleksowe zabezpieczenie interesu maj\u0105tkowego Klient\u00f3w, poprzez przeniesienie wielu zagro\u017ce\u0144 zwi\u0105zanych z posiadaniem mienia oraz wykonywaniem czynno\u015bci \u017cycia prywatnego na Ubezpieczyciela. Produkt mo\u017ce by\u0107 sprzedawany w dw\u00f3ch programach, tj. w programie podstawowym i programie rozszerzonym.<\/p>\n<h3>Program PODSTAWOWY obejmuje:<\/h3>\n<ul>\n<li>ubezpieczenie mienia,<\/li>\n<li>ubezpieczenie HOME ASSISTANCE<\/li>\n<li>ubezpieczenie odpowiedzialno\u015bci cywilnej w \u017cyciu prywatnym.<\/li>\n<\/ul>\n<p>Warunkiem zawarcia dowolnie wybranych ubezpiecze\u0144 z programu rozszerzonego jest zawarcie ubezpiecze\u0144 z programu podstawowego.<\/p>\n<h3>W sk\u0142ad programu ROZSZERZONEGO \u2013 opr\u00f3cz ubezpiecze\u0144 wymienionych wy\u017cej, wchodz\u0105 nast\u0119puj\u0105ce zdarzenia:<\/h3>\n<ul>\n<li>ubezpieczenie szyb i innych przedmiot\u00f3w szklanych od st\u0142uczenia,<\/li>\n<li>ubezpieczenie nast\u0119pstw nieszcz\u0119\u015bliwych wypadk\u00f3w,<\/li>\n<li>ubezpieczenie pobytu w szpitalu,<\/li>\n<li>ubezpieczenie koszt\u00f3w pomocy prawnej.<\/li>\n<\/ul>\n<p>Ubezpieczenie w ramach programu:<\/p>\n<ul>\n<li>PODSTAWOWEGO zawierane jest w wariancie EKONOMICZNYM lub INDYWIDUALNYM,<\/li>\n<li>ROZSZERZONEGO mo\u017ce by\u0107 zawarte w wariancie INDYWIDUALNYM.<\/li>\n<\/ul>\n<p>Wariant ubezpieczenia EKONOMICZNY charakteryzuje si\u0119 sztywno okre\u015blonymi opcjami wyboru ubezpieczenia ruchomo\u015bci domowych , i sta\u0142ych element\u00f3w wyposa\u017cenia, HOME ASSISTANCE oraz ubezpieczeniem odpowiedzialno\u015bci cywilnej w \u017cyciu prywatnym.<\/p>\n<p>Wariant ubezpieczenia INDYWUDUALNY charakteryzuje si\u0119 szerok\u0105 ofert\u0105 ubezpiecze\u0144 do indywidualnego wyboru przez Klienta.<\/p>\n<h2>Przedmiot ubezpieczenia<\/h2>\n<h3>I. Ubezpieczenie mienia<\/h3>\n<ol>\n<li>Dom jednorodzinny, budynek gospodarczy oraz obiekty ma\u0142ej architektury<\/li>\n<li>Ruchomo\u015bci domowe<\/li>\n<li>Sta\u0142e elementy wyposa\u017cenia<\/li>\n<li>Dom jednorodzinny, budynek gospodarczy, ruchomo\u015bci domowe i sta\u0142e elementy wyposa\u017cenia &#8211; w trakcie budowy lub przebudowy<\/li>\n<li>Anteny satelitarne wraz z osprz\u0119tem<\/li>\n<li>Domek letniskowy i ruchomo\u015bci domowe w nim si\u0119 znajduj\u0105ce.<\/li>\n<\/ol>\n<h3>II. Ubezpieczenie &#8222;Home Assistance&#8221;<\/h3>\n<p>Ubezpieczenie us\u0142ugi \u015bwiadczonej na terenie Rzeczypospolitej Polskiej ca\u0142odobowo i przez ca\u0142y rok &#8211; tak\u017ce w \u015bwi\u0119ta! za po\u015brednictwem Centrum Alarmowego InterRisk Home Asststance na rzecz Ubezpieczonego i os\u00f3b bliskich, z nim zamieszka\u0142ych.<\/p>\n<p>Us\u0142ugi wymienione w ramach Home Assistance udzielane s\u0105 w nast\u0119puj\u0105cych wariantach:<\/p>\n<ul>\n<li>Wariant Standard &#8211; pomoc techniczna w domu i us\u0142ugi informacyjne (bez op\u0142aty dodatkowej sk\u0142adki),<\/li>\n<li>Wariant Premium &#8211; Zakres Wariantu Standard rozszerzony pomoc medyczn\u0105 w Polsce i serwis prawny,<\/li>\n<li>Wariant VIP &#8211; zakres Wariantu Premium rozszerzony o us\u0142ugi concierge i serwis informatyczny &#8211; nowo\u015b\u0107 na rynku!.<\/li>\n<\/ul>\n<h3>III. Ubezpieczenie odpowiedzialno\u015bci cywilnej w \u017cyciu prywatnym<\/h3>\n<p>Ochrona ubezpieczeniowa obejmuje odpowiedzialno\u015b\u0107 cywiln\u0105 (deliktow\u0105) w zwi\u0105zku z prowadzeniem czynno\u015bci \u017cycia prywatnego na terytorium Rzeczypospolitej Polskiej:<\/p>\n<ul>\n<li>Ubezpieczaj\u0105cego \/ Ubezpieczonego,<\/li>\n<li>os\u00f3b bliskich Ubezpieczaj\u0105cego \/ Ubezpieczonego, stale z nim zamieszkuj\u0105cych i prowadz\u0105cych wsp\u00f3lne gospodarstwo domowe,<\/li>\n<li>pomocy domowej lub opiekunki do dzieci zatrudnionych przez Ubezpieczaj\u0105cego\/ Ubezpieczonego.<\/li>\n<\/ul>\n<h3>IV. Ubezpieczenie koszt\u00f3w pomocy prawnej<\/h3>\n<h4>Przedmiot ubezpieczenia<\/h4>\n<p>Koszty pomocy prawnej w post\u0119powaniu s\u0105dowym lub administracyjnym powsta\u0142e w nast\u0119pstwie zdarzenia, pozostaj\u0105cego w zwi\u0105zku z ich \u017cyciem prywatnym, poniesione przez:<\/p>\n<ul>\n<li>osoby obj\u0119te ubezpieczeniem (Ubezpieczaj\u0105cy\/ Ubezpieczony) oraz<\/li>\n<li>osoby bliskie wsp\u00f3lnie z nim zamieszkuj\u0105ce w domu jednorodzinnym lub lokalu mieszkalnym obj\u0119tym ochron\u0105 ubezpieczeniow\u0105).<\/li>\n<\/ul>\n<h4>Zakres ubezpieczenia<\/h4>\n<ul>\n<li>koszty obs\u0142ugi prawnej \u015bwiadczonej przez osoby do tego uprawnione,<\/li>\n<li>koszty opinii bieg\u0142ych s\u0105dowych oraz koszty innych niezb\u0119dnych \u015brodk\u00f3w dowodowych przeprowadzonych w toku post\u0119powania,<\/li>\n<li>inne koszty i op\u0142aty sadowe lub administracyjne, je\u015bli s\u0105 one celowe dla ochrony praw os\u00f3b obj\u0119tych ochron\u0105, w zwi\u0105zku z prowadzonym post\u0119powaniem.<\/li>\n<\/ul>\n<h4>Zdarzenia obj\u0119te pomoc\u0105 prawn\u0105<\/h4>\n<p>Zdarzenia b\u0119d\u0105ce podstaw\u0105 wszcz\u0119cia przeciwko osobie obj\u0119tej ochron\u0105 ubezpieczeniow\u0105:<\/p>\n<ul>\n<li>post\u0119powania cywilnego, karnego oraz w sprawach o wykroczenia,<\/li>\n<li>post\u0119powania administracyjnego lub cywilnego w sprawach z zakresu prawa rodzinnego i opieku\u0144czego lub spadkowego z udzia\u0142em osoby obj\u0119tej ochron\u0105.<\/li>\n<\/ul>\n<h4>Suma gwarancyjna<\/h4>\n<p>10.000 z\u0142 na wszystkie zdarzenia i 5.000 z\u0142 na jedno zdarzenie<\/p>\n<h3>V. Ubezpieczenie szyb i innych przedmiot\u00f3w od st\u0142uczenia<\/h3>\n<h4>Przedmiot i zakres ubezpieczenia<\/h4>\n<p>Przedmiotem ubezpieczenia w zakresie od st\u0142uczenia, p\u0119kni\u0119cia lub innego uszkodzenia mog\u0105 by\u0107:<\/p>\n<ul>\n<li>szyby okienne i drzwiowe domu jednorodzinnego lub lokalu mieszkalnego,<\/li>\n<li>lustra, witra\u017ce,<\/li>\n<li>szklane, ceramiczne lub kamienne ok\u0142adziny \u015bcian,<\/li>\n<li>koszty ustawienia i dowiezienia d\u017awigu lub rusztowa\u0144 umo\u017cliwiaj\u0105cych zamontowanie b\u0105d\u017a zainstalowanie ubezpieczonych przedmiot\u00f3w w zwi\u0105zku z ich st\u0142uczeniem lub rozbiciem.<\/li>\n<\/ul>\n","protected":false},"excerpt":{"rendered":"<p>&nbsp; &nbsp; &nbsp; &nbsp; &nbsp; &nbsp; &nbsp; &nbsp; &nbsp; Pakiet \u201eBezpieczny DOM&#8221; to nowa, bardzo atrakcyjna forma kompleksowego zabezpieczenia wielu obszar\u00f3w Pa\u0144stwa \u017cycia osobistego \u2013 domu, przedmiot\u00f3w mienia ruchomego, pomocy prawnej, odpowiedzialno\u015bci cywilnej, zabezpieczenia na nast\u0119pstw nieszcz\u0119\u015bliwych wypadk\u00f3w. Zaproponowali\u015bmy Pa\u0144stwu bardzo uproszczon\u0105 przy czym bardzo korzystn\u0105 form\u0119 zawarcia umowy ubezpieczenia. Produkt adresujemy specjalnie do os\u00f3b [&hellip;]<\/p>\n","protected":false},"author":1,"featured_media":0,"parent":0,"menu_order":0,"comment_status":"closed","ping_status":"open","template":"","meta":{"ngg_post_thumbnail":0,"footnotes":""},"class_list":["post-61","page","type-page","status-publish","czr-hentry"],"_links":{"self":[{"href":"https:\/\/e-ubezpieczenia.net.pl\/index.php?rest_route=\/wp\/v2\/pages\/61","targetHints":{"allow":["GET"]}}],"collection":[{"href":"https:\/\/e-ubezpieczenia.net.pl\/index.php?rest_route=\/wp\/v2\/pages"}],"about":[{"href":"https:\/\/e-ubezpieczenia.net.pl\/index.php?rest_route=\/wp\/v2\/types\/page"}],"author":[{"embeddable":true,"href":"https:\/\/e-ubezpieczenia.net.pl\/index.php?rest_route=\/wp\/v2\/users\/1"}],"replies":[{"embeddable":true,"href":"https:\/\/e-ubezpieczenia.net.pl\/index.php?rest_route=%2Fwp%2Fv2%2Fcomments&post=61"}],"version-history":[{"count":4,"href":"https:\/\/e-ubezpieczenia.net.pl\/index.php?rest_route=\/wp\/v2\/pages\/61\/revisions"}],"predecessor-version":[{"id":331,"href":"https:\/\/e-ubezpieczenia.net.pl\/index.php?rest_route=\/wp\/v2\/pages\/61\/revisions\/331"}],"wp:attachment":[{"href":"https:\/\/e-ubezpieczenia.net.pl\/index.php?rest_route=%2Fwp%2Fv2%2Fmedia&parent=61"}],"curies":[{"name":"wp","href":"https:\/\/api.w.org\/{rel}","templated":true}]}}