{"id":489,"date":"2021-01-13T17:01:35","date_gmt":"2021-01-13T17:01:35","guid":{"rendered":"http:\/\/e-ubezpieczenia.net.pl\/?page_id=489"},"modified":"2021-01-13T17:01:35","modified_gmt":"2021-01-13T17:01:35","slug":"informacja-administratora-danych-osobowych-2","status":"publish","type":"page","link":"https:\/\/e-ubezpieczenia.net.pl\/?page_id=489","title":{"rendered":"INFORMACJA ADMINISTRATORA DANYCH OSOBOWYCH"},"content":{"rendered":"<p>&nbsp;&nbsp;&nbsp;&nbsp;&nbsp;&nbsp;&nbsp;&nbsp;&nbsp;&nbsp;&nbsp;&nbsp;&nbsp;&nbsp;&nbsp;&nbsp;&nbsp;&nbsp;&nbsp;&nbsp;&nbsp;&nbsp;&nbsp;&nbsp;&nbsp;&nbsp;&nbsp;&nbsp;&nbsp;&nbsp;&nbsp;&nbsp;&nbsp;&nbsp;&nbsp;&nbsp;&nbsp;&nbsp;&nbsp;&nbsp;&nbsp;&nbsp;&nbsp;&nbsp;&nbsp;&nbsp;&nbsp;&nbsp;&nbsp;&nbsp;&nbsp;&nbsp;&nbsp;&nbsp;&nbsp;&nbsp;&nbsp;&nbsp;&nbsp;&nbsp;&nbsp;&nbsp;&nbsp;&nbsp;&nbsp;&nbsp;&nbsp;&nbsp;&nbsp;&nbsp;&nbsp;&nbsp;&nbsp;&nbsp;&nbsp;&nbsp;&nbsp;&nbsp;&nbsp;&nbsp;&nbsp;&nbsp;&nbsp;&nbsp;&nbsp;&nbsp;&nbsp;&nbsp;&nbsp;&nbsp;&nbsp;&nbsp;&nbsp;&nbsp;&nbsp;&nbsp;&nbsp;&nbsp;&nbsp;&nbsp;&nbsp;&nbsp;&nbsp;&nbsp;&nbsp;&nbsp;&nbsp;&nbsp;&nbsp;&nbsp;&nbsp;&nbsp;&nbsp;&nbsp;&nbsp;&nbsp;&nbsp;&nbsp;&nbsp;&nbsp;&nbsp;&nbsp;&nbsp;&nbsp;&nbsp;&nbsp;&nbsp;&nbsp;&nbsp;&nbsp;&nbsp;&nbsp;&nbsp;&nbsp;&nbsp;&nbsp;&nbsp;&nbsp;&nbsp;&nbsp;&nbsp;&nbsp;&nbsp;&nbsp;&nbsp;&nbsp;&nbsp;&nbsp;&nbsp;&nbsp;&nbsp;&nbsp;&nbsp;&nbsp;&nbsp;&nbsp;&nbsp;&nbsp;&nbsp;&nbsp;&nbsp;&nbsp;&nbsp;&nbsp;&nbsp;&nbsp;&nbsp;&nbsp;&nbsp;&nbsp;&nbsp;&nbsp;&nbsp;&nbsp;&nbsp;&nbsp;&nbsp;&nbsp;&nbsp;&nbsp;&nbsp;&nbsp;&nbsp;&nbsp;&nbsp;&nbsp;&nbsp;&nbsp;&nbsp;&nbsp;&nbsp;&nbsp;&nbsp;&nbsp;&nbsp;&nbsp;&nbsp;&nbsp;&nbsp;&nbsp;&nbsp;&nbsp;&nbsp;&nbsp; &nbsp;&nbsp;&nbsp;&nbsp;&nbsp;&nbsp;&nbsp; 1<\/p>\n<p>&nbsp;&nbsp;&nbsp;&nbsp;&nbsp;&nbsp;&nbsp;&nbsp;&nbsp;&nbsp;&nbsp;&nbsp;&nbsp;&nbsp;&nbsp;&nbsp;&nbsp;&nbsp;&nbsp;&nbsp;&nbsp;&nbsp;&nbsp;&nbsp;&nbsp;&nbsp;&nbsp;&nbsp;&nbsp;&nbsp;&nbsp;&nbsp;&nbsp;&nbsp;&nbsp;&nbsp;&nbsp;&nbsp;&nbsp;&nbsp;&nbsp;&nbsp;&nbsp;&nbsp;&nbsp;&nbsp;&nbsp;&nbsp;&nbsp;&nbsp;&nbsp;&nbsp;&nbsp;&nbsp;&nbsp;&nbsp;&nbsp;&nbsp;&nbsp;&nbsp;&nbsp; &nbsp;&nbsp;&nbsp;&nbsp;&nbsp;&nbsp;&nbsp;&nbsp;&nbsp;&nbsp;&nbsp;&nbsp;&nbsp;&nbsp;&nbsp;&nbsp;&nbsp;&nbsp;&nbsp;&nbsp;&nbsp;&nbsp;&nbsp;&nbsp;&nbsp;&nbsp;&nbsp;&nbsp;&nbsp;&nbsp;&nbsp;&nbsp;&nbsp;<\/p>\n<p><strong>INFORMACJA ADMINISTRATORA DANYCH OSOBOWYCH<\/strong><\/p>\n<p><strong><em><u>DOKUMENT DWUSTRONNY<\/u><\/em><\/strong><\/p>\n<ol>\n<li><strong> Administrator i dane kontaktowe administratora oraz Inspektora Ochrony Danych.<\/strong><\/li>\n<\/ol>\n<p>Administratorem danych osobowych jest <strong>ABM Po\u015brednictwo Ubezpieczeniowe Bogus\u0142aw Wlodarczyk &#8211; zwanym dalej \u201eABM\u201d<\/strong>, adres do korespondencji: <strong>ul. Profesora Szafera 1 , 31-543 Krak\u00f3w<\/strong>.<\/p>\n<p>Kontakt z administratorem jest mo\u017cliwy za po\u015brednictwem adresu e-mail: <a href=\"mailto:abm.wlodarczyk@ubezpieczenia.biz.pl\">abm.wlodarczyk@ubezpieczenia.biz.pl<\/a> lub pisemnie na wy\u017cej wskazany adres do korespondencji.<\/p>\n<p>We wszystkich sprawach z zakresu ochrony danych osobowych ,przetwarzanych przez &nbsp;ABM, w tym korzystania z praw zwi\u0105zanych z przetwarzaniem danych, mo\u017ce Pani\/Pan kontaktowa\u0107 si\u0119 pisemnie pod adresem: ul. Profesora Szafera 1 , 31-543 Krak\u00f3w lub drog\u0105 elektroniczn\u0105 na adres e-mail: abm.wlodarczyk@ubezpieczenia.biz.pl.<\/p>\n<ol start=\"2\">\n<li><strong> Cel przetwarzania danych osobowych oraz podstawa prawna przetwarzania.<\/strong><\/li>\n<\/ol>\n<p>ABM mo\u017ce przetwarza\u0107 Pani\/Pana dane w celu:<\/p>\n<p><strong>1<\/strong>) <u>przedstawienia oferty marketingowej produktu ubezpieczeniowego<\/u> z oferty wsp\u00f3\u0142pracuj\u0105cych z ABM Zak\u0142ad\u00f3w Ubezpiecze\u0144 \u2013 podstaw\u0119 do przetwarzania stanowi dobrowolna zgoda na przetwarzanie Pani\/Pana danych osobowych, w rozumieniu art. 6 ust. 1 pkt a Rozporz\u0105dzania Parlamentu Europejskiego i Rady (UE) 2016\/679 z dnia 27 kwietnia 2016r. w sprawie ochrony os\u00f3b fizycznych w zwi\u0105zku z przetwarzaniem danych osobowych i w sprawie swobodnego przep\u0142ywu takich danych oraz uchylenia dyrektywy 95\/46\/WE (og\u00f3lne rozporz\u0105dzenie o ochronie danych) (Dz.Urz. UE L 119 z 4.05.2016, str. 1) \u2013 dalej \u201e<strong>RODO<\/strong>\u201d.<\/p>\n<p><strong>2<\/strong>) <u>marketingu bezpo\u015bredniego us\u0142ug w\u0142asnych Zak\u0142adu Ubezpiecze\u0144, z kt\u00f3rym ma Pan\/Pani zawart\u0105 za po\u015brednictwem ABM umow\u0119 ubezpieczenia lub innych us\u0142ug \u015bwiadczonych przez ABM<\/u> \u2013 podstaw\u0119 do przetwarzania stanowi niezb\u0119dno\u015b\u0107 przetwarzania do realizacji celu wynikaj\u0105cego z prawnie uzasadnionego interesu administratora w rozumieniu art. 6 ust. 1 pkt f RODO, kt\u00f3rym jest marketing us\u0142ug w\u0142asnych tego Zak\u0142adu Ubezpiecze\u0144, na podstawie powierzonego ABM zakresu przetwarzania danych osobowych przez ten zak\u0142ad ubezpiecze\u0144 oraz marketing us\u0142ug w\u0142asnych ABM.<\/p>\n<p><strong>3<\/strong>) <u>zawarcia i wykonania umowy ubezpieczenia<\/u>, w tym dokonania oceny ryzyka ubezpieczeniowego &#8211; podstaw\u0105 prawn\u0105 przetwarzania jest niezb\u0119dno\u015b\u0107 przetwarzania danych do podj\u0119cia dzia\u0142a\u0144 na \u017c\u0105danie osoby, kt\u00f3rej dane dotycz\u0105 niezb\u0119dnych do zawarcia umowy (np. na potrzeby wniosku o zawarcie umowy ubezpieczenia) i wykonywania umowy, w rozumieniu art. 6 ust. 1 pkt b RODO, na podstawie powierzonego ABM zakresu przetwarzania danych osobowych przez wsp\u00f3\u0142pracuj\u0105cy zak\u0142ad ubezpiecze\u0144.<\/p>\n<p><strong>4<\/strong>) <u>oceny ryzyka ubezpieczeniowego w spos\u00f3b zautomatyzowany w ramach profilowania klient\u00f3w przed zawarciem umowy<\/u> &#8211; podstaw\u0105 prawn\u0105 przetwarzania jest niezb\u0119dno\u015b\u0107 przetwarzania do realizacji prawnego obowi\u0105zku ci\u0105\u017c\u0105cego na zak\u0142adzie ubezpiecze\u0144, w rozumieniu art. 6 ust. 1 pkt c RODO, na podstawie powierzonego ABM zakresu przetwarzania danych osobowych przez wsp\u00f3\u0142pracuj\u0105cy zak\u0142ad ubezpiecze\u0144.<\/p>\n<p><strong>5<\/strong>) <u>wype\u0142nienia obowi\u0105zk\u00f3w wynikaj\u0105cych z ustawy o rachunkowo\u015bci<\/u> &#8211; podstaw\u0105 prawn\u0105 przetwarzania danych jest niezb\u0119dno\u015b\u0107 przetwarzania do wype\u0142nienia obowi\u0105zku prawnego ci\u0105\u017c\u0105cego na ABM, w rozumieniu art. 6 ust. 1 pkt c RODO.<\/p>\n<p><strong>6<\/strong>) <u>w celach analitycznych, w tym profilowania na potrzeby monitorowania i analiz oferty produkt\u00f3w ubezpieczeniowych wsp\u00f3\u0142pracuj\u0105cych z ABM Zak\u0142ad\u00f3w Ubezpiecze\u0144<\/u>, w celu zapewnienia mo\u017cliwo\u015bci zaproponowania produktu najbardziej dostosowanego do wymaga\u0144 i potrzeb osoby poszukuj\u0105cej ochrony ubezpieczeniowej \u2013 podstaw\u0119 przetwarzania stanowi niezb\u0119dno\u015b\u0107 do realizacji celu wynikaj\u0105cego z prawnie uzasadnionego interesu realizowanego przez administratora, jakim jest proponowanie klientowi produktu najbardziej odpowiedniego do wymaga\u0144 i potrzeb klienta, w rozumieniu art. 6 ust. 1 pkt f RODO oraz docelowo tak\u017ce niezb\u0119dno\u015b\u0107 przetwarzania do wype\u0142nienia obowi\u0105zku prawnego ci\u0105\u017c\u0105cego na administratorze , w rozumieniu art. 6 ust. 1 pkt c RODO, w ramach realizacji art. 8 ust. 1 i ust. 3 Ustawy z 15 grudnia 2017r. o dystrybucji ubezpiecze\u0144 <a href=\"https:\/\/sip.legalis.pl\/document-view.seam?documentId=mfrxilrtg4ytcnzsgq4da\">(Dz.U. z 2017 r. poz. 2486)<\/a>, wprowadzaj\u0105cej obowi\u0105zek ustalenia wymaga\u0144 i potrzeb osoby poszukuj\u0105cej ochrony oraz przedstawienia produktu odpowiedniego do tych wymaga\u0144 i potrzeb.<\/p>\n<p><strong>7<\/strong>) <u>ewentualnie w celu dochodzenia roszcze\u0144 lub w ramach obrony przed dochodzonymi roszczeniami<\/u>, zwi\u0105zanych z przedstawion\u0105 Pani\/Panu ofert\u0105 produktu ubezpieczeniowego \u2013 podstaw\u0105 prawn\u0105 przetwarzania danych jest niezb\u0119dno\u015b\u0107 przetwarzania do realizacji prawnie uzasadnionego interesu administratora; jakim jest zapewnienie mo\u017cliwo\u015b\u0107 dochodzenia oraz obrony przed roszczeniami, w rozumieniu art. 6 ust. 1 pkt f RODO. &nbsp;&nbsp;&nbsp;&nbsp;&nbsp;&nbsp;&nbsp;&nbsp;&nbsp;&nbsp;&nbsp;&nbsp;&nbsp;&nbsp;&nbsp;&nbsp;&nbsp;&nbsp;&nbsp;&nbsp;&nbsp;&nbsp;&nbsp;&nbsp;&nbsp;&nbsp;&nbsp;&nbsp;&nbsp;&nbsp;&nbsp;&nbsp;&nbsp;&nbsp;&nbsp;&nbsp;&nbsp;&nbsp;&nbsp;&nbsp;&nbsp;&nbsp;&nbsp;&nbsp;&nbsp;&nbsp;&nbsp;&nbsp;&nbsp;&nbsp;&nbsp;&nbsp;&nbsp;&nbsp;&nbsp;&nbsp;&nbsp;&nbsp;&nbsp;&nbsp;&nbsp;&nbsp;&nbsp;&nbsp;&nbsp;&nbsp;&nbsp;&nbsp;&nbsp;&nbsp;&nbsp;&nbsp;&nbsp;&nbsp;&nbsp;&nbsp;&nbsp;&nbsp;&nbsp;&nbsp;&nbsp;&nbsp;&nbsp;&nbsp;&nbsp;&nbsp;&nbsp;&nbsp;&nbsp;&nbsp;&nbsp;&nbsp;&nbsp;&nbsp;&nbsp;&nbsp;&nbsp;&nbsp;&nbsp;&nbsp; &nbsp;&nbsp;&nbsp;&nbsp;&nbsp;&nbsp;&nbsp;&nbsp;&nbsp;&nbsp;&nbsp;&nbsp;&nbsp;&nbsp;&nbsp;&nbsp;&nbsp;&nbsp;&nbsp;&nbsp;&nbsp;&nbsp;&nbsp;&nbsp;&nbsp;&nbsp;&nbsp;&nbsp;&nbsp;&nbsp;&nbsp;&nbsp;&nbsp;&nbsp;&nbsp;&nbsp;&nbsp;&nbsp;&nbsp;&nbsp;&nbsp;&nbsp;&nbsp;&nbsp;&nbsp;&nbsp;&nbsp;&nbsp;&nbsp;&nbsp;&nbsp;&nbsp;&nbsp;&nbsp;&nbsp;&nbsp;&nbsp;&nbsp;&nbsp;&nbsp;&nbsp;&nbsp;&nbsp;&nbsp;&nbsp;&nbsp;&nbsp;&nbsp;&nbsp;&nbsp;&nbsp;&nbsp;&nbsp;&nbsp;&nbsp;&nbsp;&nbsp;&nbsp;&nbsp;&nbsp;&nbsp;&nbsp;&nbsp;&nbsp;&nbsp;&nbsp;&nbsp;&nbsp;&nbsp;&nbsp;&nbsp;&nbsp;&nbsp; &nbsp;&nbsp;&nbsp;&nbsp;&nbsp;&nbsp;&nbsp;&nbsp;&nbsp;&nbsp;&nbsp;&nbsp;&nbsp;&nbsp;&nbsp; &nbsp;&nbsp;&nbsp;&nbsp;&nbsp;&nbsp;&nbsp;&nbsp;&nbsp;&nbsp;&nbsp;&nbsp;&nbsp;&nbsp;&nbsp;&nbsp;&nbsp;&nbsp;&nbsp;&nbsp;&nbsp;&nbsp;&nbsp;&nbsp;&nbsp;&nbsp;&nbsp;&nbsp;&nbsp;&nbsp;<\/p>\n<p>&nbsp;&nbsp;&nbsp;&nbsp;&nbsp;&nbsp;&nbsp;&nbsp;&nbsp;&nbsp;&nbsp;&nbsp;&nbsp;&nbsp;&nbsp;&nbsp;&nbsp;&nbsp;&nbsp;&nbsp;&nbsp;&nbsp;&nbsp;&nbsp;&nbsp;&nbsp;&nbsp;&nbsp;&nbsp;&nbsp;&nbsp;&nbsp;&nbsp;&nbsp;&nbsp;&nbsp;&nbsp;&nbsp;&nbsp;&nbsp;&nbsp;&nbsp;&nbsp;&nbsp;&nbsp;&nbsp;&nbsp;&nbsp;&nbsp;&nbsp;&nbsp;&nbsp;&nbsp;&nbsp;&nbsp;&nbsp;&nbsp;&nbsp;&nbsp;&nbsp;&nbsp;&nbsp;&nbsp;&nbsp;&nbsp;&nbsp;&nbsp;&nbsp;&nbsp;&nbsp;&nbsp;&nbsp;&nbsp;&nbsp;&nbsp;&nbsp;&nbsp;&nbsp;&nbsp;&nbsp;&nbsp;&nbsp;&nbsp; &nbsp;2&nbsp;&nbsp;&nbsp;&nbsp;&nbsp;&nbsp;&nbsp;&nbsp;&nbsp;&nbsp;&nbsp;&nbsp;&nbsp;&nbsp;&nbsp;&nbsp;&nbsp;&nbsp;&nbsp;&nbsp;&nbsp;&nbsp;&nbsp;&nbsp;&nbsp;<\/p>\n<ol start=\"3\">\n<li><strong> Informacja o zautomatyzowanym podejmowaniu decyzji, w tym profilowaniu.<\/strong><\/li>\n<\/ol>\n<p>W zwi\u0105zku z przetwarzaniem Pani\/Pana danych osobowych, decyzje dotycz\u0105ce Pani\/Pana b\u0119d\u0105 podejmowane w spos\u00f3b zautomatyzowany (bez wp\u0142ywu cz\u0142owieka). Decyzje te b\u0119d\u0105 dotyczy\u0142y wysoko\u015bci sk\u0142adki ubezpieczeniowej. Decyzje b\u0119d\u0105 podejmowane na podstawie Pani \/Pana danych obejmuj\u0105cych w szczeg\u00f3lno\u015bci imi\u0119 i nazwisko, numeru PESEL, data urodzenia, miejsce zamieszkania). Decyzje b\u0119d\u0105 oparte o profilowanie, tj. automatyczn\u0105 ocen\u0119 ryzyka ubezpieczeniowego zawarcia z Pani\u0105\/Panem umowy ubezpieczenia.<\/p>\n<ol start=\"4\">\n<li><strong> Informacja o wymogu podania danych osobowych.<\/strong><\/li>\n<\/ol>\n<p>Podanie danych osobowych w zwi\u0105zku z zawieran\u0105 umow\u0105 jest konieczne do zawarcia i wykonywania umowy ubezpieczenia oraz do dokonania oceny ryzyka ubezpieczeniowego &#8211; bez podania danych osobowych nie jest mo\u017cliwe zawarcie umowy ubezpieczenia oraz dokonanie oceny ryzyka.<\/p>\n<p>Podanie danych osobowych w celach marketingowych jest dobrowolne.<\/p>\n<ol start=\"5\">\n<li><strong> Okres przechowywania danych.<\/strong><\/li>\n<\/ol>\n<p>Pani\/Pana dane osobowe b\u0119d\u0105 przechowywane do momentu przedawnienia roszcze\u0144 lub do momentu wyga\u015bni\u0119cia obowi\u0105zku przechowywania danych wynikaj\u0105cego z przepis\u00f3w prawa.<\/p>\n<p>Administrator przestanie wcze\u015bniej przetwarza\u0107 dane wykorzystywane do cel\u00f3w profilowania i analitycznych wymagaj\u0105cych zgody,&nbsp; je\u017celi&nbsp; Pani\/Pan wyrazi wol\u0119 jej wycofania.<\/p>\n<ol start=\"6\">\n<li><strong> Przekazywanie danych.<\/strong><\/li>\n<\/ol>\n<p><strong>1<\/strong>) Pani\/Pana dane osobowe mog\u0105 by\u0107 udost\u0119pnione podmiotom i organom upowa\u017cnionym do przetwarzania tych danych na podstawie przepis\u00f3w prawa, <strong>Towarzystwom Ubezpieczeniowym<\/strong> wsp\u00f3\u0142pracuj\u0105cym z ABM oraz <strong>Partnerom<\/strong>: Unilink S.A. , DCU Sp. z o.o. , DCU Insurance Partner Sp. z o.o. , eMultico Sp. z o.o. oraz Profi Insurance Sp. z o.o. S.K., BAKO-2 Mariola Cicho\u0144 &#8211; jako agent\u00f3w ubezpieczeniowych (w ramach po\u015brednictwa ubezpieczeniowego) na podstawie powierzonego ABM zakresu przetwarzania danych osobowych.<\/p>\n<p><strong>2<\/strong>) Pani\/Pana dane osobowe mog\u0105 by\u0107 przekazywane podmiotom przetwarzaj\u0105cym dane osobowe na zlecenie administratora, tj. dostawcom us\u0142ug IT lub wsp\u00f3\u0142pracuj\u0105cym z ABM partnerom, w ramach wykonywania przez nich czynno\u015bci agencyjnych, przy czym takie podmioty przetwarzaj\u0105 dane na podstawie umowy z administratorem i wy\u0142\u0105cznie zgodnie z poleceniami administratora.<\/p>\n<p><strong>3<\/strong>) Pani\/Pana dane osobowe nie b\u0119d\u0105 przekazywane do odbiorc\u00f3w maj\u0105cych siedzib\u0119 lub przetwarzaj\u0105cych dane osobowe w pa\u0144stwach poza Europejskim Obszarem Gospodarczym (EOG).<\/p>\n<ol start=\"7\">\n<li><strong>Pani\/Pana prawa.<\/strong><\/li>\n<\/ol>\n<p><strong>1<\/strong>) Przys\u0142uguje Pani\/Panu prawo dost\u0119pu do swoich danych osobowych oraz prawo \u017c\u0105dania ich sprostowania, ich usuni\u0119cia lub ograniczenia ich przetwarzania.<\/p>\n<p><strong>2<\/strong>) W zakresie, w jakim podstaw\u0105 przetwarzania Pani\/Pana danych osobowych jest zgoda, ma Pani\/Pan prawo wycofania zgody. Wycofanie zgody nie ma wp\u0142ywu na zgodno\u015b\u0107 z prawem przetwarzania, kt\u00f3rego dokonano na podstawie zgody przed jej wycofaniem.<\/p>\n<p><strong>3<\/strong>) W zakresie, w jakim podstaw\u0105 przetwarzania Pani\/Pana danych osobowych jest przes\u0142anka niezb\u0119dno\u015bci przetwarzania do realizacji celu wynikaj\u0105cego z prawnie uzasadnionego interesu administratora, przys\u0142uguje Pani\/Panu prawo wniesienia sprzeciwu wobec przetwarzania Pani\/Pana danych osobowych. W szczeg\u00f3lno\u015bci przys\u0142uguje Pani\/Panu prawo sprzeciwu wobec przetwarzania danych na potrzeby marketingu bezpo\u015bredniego, w tym profilowania.<\/p>\n<p><strong>4<\/strong>) W zakresie, w jakim Pani\/Pana dane s\u0105 przetwarzane w celu zawarcia i wykonywania umowy ubezpieczenia lub przetwarzane na podstawie zgody &#8211; przys\u0142uguje Pani\/Panu tak\u017ce prawo do przenoszenia danych osobowych, tj. do otrzymania od administratora Pani\/Pana danych osobowych, w ustrukturyzowanym, powszechnie u\u017cywanym formacie nadaj\u0105cym si\u0119 do odczytu maszynowego. Mo\u017ce Pani\/Pan przes\u0142a\u0107 te dane innemu administratorowi danych.<\/p>\n<p><strong>5<\/strong>) W zwi\u0105zku ze zautomatyzowanym podejmowaniem decyzji, ma Pani\/Pan prawo do zakwestionowania tej decyzji, prawo do wyra\u017cenia w\u0142asnego stanowiska oraz wyst\u0105pienia o ponowne przeanalizowanie Pani\/Pana sprawy i podj\u0119cie decyzji przez pracownika Zak\u0142adu Ubezpiecze\u0144 wsp\u00f3\u0142pracuj\u0105cego z ABM.<\/p>\n<p><strong>6<\/strong>) Przys\u0142uguje Pani\/Panu prawo wniesienia skargi do organu nadzorczego zajmuj\u0105cego si\u0119 ochron\u0105 danych osobowych w Polsce (Prezesa Urz\u0119du Ochrony Danych Osobowych).<\/p>\n<p><strong>W celu skorzystania z powy\u017cszych praw nale\u017cy skontaktowa\u0107 si\u0119 z administratorem, korzystaj\u0105c ze wskazanych wy\u017cej danych kontaktowych lub bezpo\u015brednio z organem nadzorczym (w zakresie prawa do wniesienia skargi do tego organu).<\/strong><\/p>\n<p>&nbsp;<\/p>\n","protected":false},"excerpt":{"rendered":"<p>&nbsp;&nbsp;&nbsp;&nbsp;&nbsp;&nbsp;&nbsp;&nbsp;&nbsp;&nbsp;&nbsp;&nbsp;&nbsp;&nbsp;&nbsp;&nbsp;&nbsp;&nbsp;&nbsp;&nbsp;&nbsp;&nbsp;&nbsp;&nbsp;&nbsp;&nbsp;&nbsp;&nbsp;&nbsp;&nbsp;&nbsp;&nbsp;&nbsp;&nbsp;&nbsp;&nbsp;&nbsp;&nbsp;&nbsp;&nbsp;&nbsp;&nbsp;&nbsp;&nbsp;&nbsp;&nbsp;&nbsp;&nbsp;&nbsp;&nbsp;&nbsp;&nbsp;&nbsp;&nbsp;&nbsp;&nbsp;&nbsp;&nbsp;&nbsp;&nbsp;&nbsp;&nbsp;&nbsp;&nbsp;&nbsp;&nbsp;&nbsp;&nbsp;&nbsp;&nbsp;&nbsp;&nbsp;&nbsp;&nbsp;&nbsp;&nbsp;&nbsp;&nbsp;&nbsp;&nbsp;&nbsp;&nbsp;&nbsp;&nbsp;&nbsp;&nbsp;&nbsp;&nbsp;&nbsp;&nbsp;&nbsp;&nbsp;&nbsp;&nbsp;&nbsp;&nbsp;&nbsp;&nbsp;&nbsp;&nbsp;&nbsp;&nbsp;&nbsp;&nbsp;&nbsp;&nbsp;&nbsp;&nbsp;&nbsp;&nbsp;&nbsp;&nbsp;&nbsp;&nbsp;&nbsp;&nbsp;&nbsp;&nbsp;&nbsp;&nbsp;&nbsp;&nbsp;&nbsp;&nbsp;&nbsp;&nbsp;&nbsp;&nbsp;&nbsp;&nbsp;&nbsp;&nbsp;&nbsp;&nbsp;&nbsp;&nbsp;&nbsp;&nbsp;&nbsp;&nbsp;&nbsp;&nbsp;&nbsp;&nbsp;&nbsp;&nbsp;&nbsp;&nbsp;&nbsp;&nbsp;&nbsp;&nbsp;&nbsp;&nbsp;&nbsp;&nbsp;&nbsp;&nbsp;&nbsp;&nbsp;&nbsp;&nbsp;&nbsp;&nbsp;&nbsp;&nbsp;&nbsp;&nbsp;&nbsp;&nbsp;&nbsp;&nbsp;&nbsp;&nbsp;&nbsp;&nbsp;&nbsp;&nbsp;&nbsp;&nbsp;&nbsp;&nbsp;&nbsp;&nbsp;&nbsp;&nbsp;&nbsp;&nbsp;&nbsp;&nbsp;&nbsp;&nbsp;&nbsp;&nbsp;&nbsp;&nbsp;&nbsp;&nbsp;&nbsp;&nbsp;&nbsp;&nbsp;&nbsp;&nbsp; &nbsp;&nbsp;&nbsp;&nbsp;&nbsp;&nbsp;&nbsp; 1 &nbsp;&nbsp;&nbsp;&nbsp;&nbsp;&nbsp;&nbsp;&nbsp;&nbsp;&nbsp;&nbsp;&nbsp;&nbsp;&nbsp;&nbsp;&nbsp;&nbsp;&nbsp;&nbsp;&nbsp;&nbsp;&nbsp;&nbsp;&nbsp;&nbsp;&nbsp;&nbsp;&nbsp;&nbsp;&nbsp;&nbsp;&nbsp;&nbsp;&nbsp;&nbsp;&nbsp;&nbsp;&nbsp;&nbsp;&nbsp;&nbsp;&nbsp;&nbsp;&nbsp;&nbsp;&nbsp;&nbsp;&nbsp;&nbsp;&nbsp;&nbsp;&nbsp;&nbsp;&nbsp;&nbsp;&nbsp;&nbsp;&nbsp;&nbsp;&nbsp;&nbsp; &nbsp;&nbsp;&nbsp;&nbsp;&nbsp;&nbsp;&nbsp;&nbsp;&nbsp;&nbsp;&nbsp;&nbsp;&nbsp;&nbsp;&nbsp;&nbsp;&nbsp;&nbsp;&nbsp;&nbsp;&nbsp;&nbsp;&nbsp;&nbsp;&nbsp;&nbsp;&nbsp;&nbsp;&nbsp;&nbsp;&nbsp;&nbsp;&nbsp; INFORMACJA ADMINISTRATORA DANYCH OSOBOWYCH DOKUMENT DWUSTRONNY Administrator i dane kontaktowe administratora oraz Inspektora Ochrony Danych. Administratorem danych osobowych jest ABM Po\u015brednictwo Ubezpieczeniowe Bogus\u0142aw Wlodarczyk &#8211; zwanym dalej \u201eABM\u201d, adres do korespondencji: ul. Profesora Szafera 1 , 31-543 Krak\u00f3w. Kontakt z administratorem jest mo\u017cliwy za po\u015brednictwem adresu e-mail: abm.wlodarczyk@ubezpieczenia.biz.pl lub pisemnie [&hellip;]<\/p>\n","protected":false},"author":1,"featured_media":0,"parent":0,"menu_order":0,"comment_status":"closed","ping_status":"closed","template":"","meta":{"ngg_post_thumbnail":0,"footnotes":""},"class_list":["post-489","page","type-page","status-publish","czr-hentry"],"_links":{"self":[{"href":"https:\/\/e-ubezpieczenia.net.pl\/index.php?rest_route=\/wp\/v2\/pages\/489","targetHints":{"allow":["GET"]}}],"collection":[{"href":"https:\/\/e-ubezpieczenia.net.pl\/index.php?rest_route=\/wp\/v2\/pages"}],"about":[{"href":"https:\/\/e-ubezpieczenia.net.pl\/index.php?rest_route=\/wp\/v2\/types\/page"}],"author":[{"embeddable":true,"href":"https:\/\/e-ubezpieczenia.net.pl\/index.php?rest_route=\/wp\/v2\/users\/1"}],"replies":[{"embeddable":true,"href":"https:\/\/e-ubezpieczenia.net.pl\/index.php?rest_route=%2Fwp%2Fv2%2Fcomments&post=489"}],"version-history":[{"count":1,"href":"https:\/\/e-ubezpieczenia.net.pl\/index.php?rest_route=\/wp\/v2\/pages\/489\/revisions"}],"predecessor-version":[{"id":491,"href":"https:\/\/e-ubezpieczenia.net.pl\/index.php?rest_route=\/wp\/v2\/pages\/489\/revisions\/491"}],"wp:attachment":[{"href":"https:\/\/e-ubezpieczenia.net.pl\/index.php?rest_route=%2Fwp%2Fv2%2Fmedia&parent=489"}],"curies":[{"name":"wp","href":"https:\/\/api.w.org\/{rel}","templated":true}]}}