{"id":41,"date":"2014-11-23T17:41:26","date_gmt":"2014-11-23T17:41:26","guid":{"rendered":"http:\/\/e-ubezpieczenia.net.pl\/?page_id=41"},"modified":"2015-01-12T16:39:10","modified_gmt":"2015-01-12T16:39:10","slug":"ubezpieczenie-firmy","status":"publish","type":"page","link":"https:\/\/e-ubezpieczenia.net.pl\/?page_id=41","title":{"rendered":"Ubezpieczenie Firmy"},"content":{"rendered":"<h1 id=\"page-title\" class=\"title\">Ubezpieczenie firmy<\/h1>\n<div class=\"region region-content\">\n<section id=\"block-system-main\" class=\"block block-system\">\n<div class=\"content\">\n<div class=\"content\">\n<div class=\"field field-name-body field-type-text-with-summary field-label-hidden\">\n<div class=\"field-items\">\n<div class=\"field-item even\">\n<p>Dobre ubezpieczenie firmy, czy przedsi\u0119biorstwa to ubezpieczenie kompleksowe. Dzi\u0119ki niemu przedsi\u0119biorca minimalizuje, lub eliminuje wiele ryzyk, kt\u00f3re mog\u0105 sparali\u017cowa\u0107 bie\u017c\u0105c\u0105 dzia\u0142alno\u015b\u0107 firmy.<br \/>\nSzeroki zakres mo\u017cliwych ubezpiecze\u0144 wchodz\u0105cych w sk\u0142ad \u201eubezpieczenia firmowego\u201d zobowi\u0105zuje nas do dok\u0142adnego i rzetelnego podej\u015bcia w przygotowaniu oferty. W rezultacie ubezpieczane przez nas ma\u0142e i du\u017ce firmy minimalizuj\u0105 ryzyko strat, ponosz\u0105c niewyg\u00f3rowane koszty. Efektem naszej pracy jest zaufanie wielu przedsi\u0119biorc\u00f3w od lat korzystaj\u0105cych z naszych us\u0142ug.<\/p>\n<h2>CO SI\u0118 SK\u0141ADA NA KOMPLEKSOWE UBEZPIECZENIE FIRMY?<\/h2>\n<p>1. UBEZPIECZENIE MIENIA FIRMY<\/p>\n<p>Ochrona maj\u0105tku firmy od ryzyka jego utraty lub uszkodzenia w wyniku po\u017caru i innych zdarze\u0144 losowych oraz od kradzie\u017cy z w\u0142amaniem.<\/p>\n<p>\u2022\u00a0ubezpieczenie budynk\u00f3w,<br \/>\n\u2022\u00a0ubezpieczenie flotowe firmy (ubezpieczenia komunikacyjne pojazd\u00f3w firmowych od kradzie\u017cy, OC, Autocasco, NNW, Assistance)<br \/>\n\u2022\u00a0ubezpieczenie maszyn i sprz\u0119tu elektronicznego,<br \/>\n\u2022\u00a0ubezpieczenie urz\u0105dze\u0144 oraz przedmiot\u00f3w wykorzystywanych do prowadzenia dzia\u0142alno\u015bci,<br \/>\n\u2022\u00a0ubezpieczenie \u015brodk\u00f3w obrotowych,<br \/>\n\u2022\u00a0ubezpieczenie koszt\u00f3w sta\u0142ych dzia\u0142alno\u015bci,<br \/>\n\u2022\u00a0ubezpieczenie rzeczy najmowanych,<br \/>\n\u2022\u00a0ubezpieczenie mienia w transporcie,<br \/>\n\u2022\u00a0ubezpieczenie got\u00f3wki oraz ubezpieczenie \u015brodk\u00f3w pieni\u0119\u017cnych w transporcie<br \/>\n\u2022\u00a0ubezpieczenie mienia pracownik\u00f3w oraz innych os\u00f3b przyj\u0119tego w celu wykonania us\u0142ugi wchodz\u0105cej w zakres dzia\u0142alno\u015bci (np. naprawa czy sprzeda\u017c)<br \/>\n\u2022\u00a0ubezpieczenie mienia w transporcie (Cargo)<br \/>\n\u2022\u00a0ubezpieczenie nak\u0142ad\u00f3w inwestycyjnych poniesionych na adaptacj\u0119 wynaj\u0119tych pomieszcze\u0144<\/p>\n<p>&nbsp;<\/p>\n<h2>2. UBEZPIECZENIE RYZYK ZWI\u0104ZANYCH Z DZIA\u0141ALNO\u015aCI\u0104 FIRMY &#8211; oc firmy, oc dzia\u0142alno\u015bci<\/h2>\n<p>\u2022\u00a0ubezpieczenie straty finansowej \/ ubezpieczenie utraty zysku,<br \/>\n\u2022\u00a0ubezpieczenie wierzytelno\u015bci pieni\u0119\u017cnych (ubezpieczenie kredytu kupieckiego),<br \/>\n\u2022\u00a0ubezpieczenie OC z tytu\u0142u prowadzenia dzia\u0142alno\u015bci (ochron\u0105 ubezpieczeniow\u0105 zostaje obj\u0119ty ubezpieczony gdy wskutek wykonywania czynno\u015bci zawodowych wyrz\u0105dzona zostanie szkoda, do kt\u00f3rej naprawienia jest zobowi\u0105zany, przyk\u0142ady poni\u017cej),<br \/>\n\u2022\u00a0OC przewo\u017anika w ruchu krajowym i mi\u0119dzynarodowym,<br \/>\n\u2022\u00a0ubezpieczenie maszyn od uszkodze\u0144 i awarii,<br \/>\n\u2022\u00a0ubezpieczenia firm w zakresie dodatkowych koszt\u00f3w dzia\u0142alno\u015bci w zwi\u0105zku z zak\u0142\u00f3ceniem lub przerw\u0105 w dzia\u0142alno\u015bci gospodarczej spowodowanej szkod\u0105 w ubezpieczonym mieniu,<br \/>\n\u2022\u00a0ubezpieczenie ryzyk budowlano \u2013 monta\u017cowych,<br \/>\n\u2022\u00a0gwarancje ubezpieczeniowe (przeznaczone dla firm bior\u0105cych udzia\u0142 w przetargach. Dzi\u0119ki nim przedsi\u0119biorcy zwi\u0119kszaj\u0105 wiarygodno\u015b\u0107 firmy jako partnera w interesach\u00a0 i minimalizuj\u0105 ryzyko zwi\u0105zane z inwestycjami.)<\/p>\n<ul>\n<li>gwarancja dobrego wykonania kontraktu,<\/li>\n<li>gwarancja nale\u017cytego wykonania umowy i usuni\u0119cia wad lub usterek,<\/li>\n<li>gwarancja sp\u0142aty nale\u017cno\u015bci celnych i podatkowych,<\/li>\n<li>gwarancja zap\u0142aty wadium,<\/li>\n<li>gwarancja zwrotu zaliczki<\/li>\n<li>gwarancja zap\u0142aty wierzytelno\u015bci kontraktowych i handlowych,<\/li>\n<li>gwarancja zap\u0142aty za roboty budowlane,<\/li>\n<li>gwarancje kontraktowe zabezpieczaj\u0105ce inwestycje\/projekty wsp\u00f3\u0142finansowane ze \u015brodk\u00f3w UE<\/li>\n<li>gwarancja ubezpieczeniowa dla organizator\u00f3w i po\u015brednik\u00f3w ruchu turystycznego z tytu\u0142u \u015bwiadczonych us\u0142ug turystycznych,<\/li>\n<\/ul>\n<h2>3. UBEZPIECZENIE PRACOWNIK\u00d3W FIRMY \/ UBEZPIECZENIE PRACODAWCY<\/h2>\n<p>\u2022\u00a0ubezpieczenie odpowiedzialno\u015bci cywilnej pracodawcy<br \/>\n\u2022\u00a0pracownicze ubezpieczenia grupowe NNW,<br \/>\n\u2022\u00a0ubezpieczenia na \u017cycie pracownik\u00f3w firmy<br \/>\n\u2022\u00a0pracownicze ubezpieczenia medyczne i ochrony lekarskiej<\/p>\n<h2>UBEZPIECZENIE FIRMY &#8211; ZAKRES<\/h2>\n<p>Najbardziej powszechne i najcz\u0119\u015bciej stosowane ubezpieczenie firmy to ubezpieczenie mienia od zdarze\u0144 losowych (po\u017caru i innych \u017cywio\u0142\u00f3w) oraz kradzie\u017cy z w\u0142amaniem i rabunku. Opr\u00f3cz podstawowego zakresu ochrony stosuje si\u0119 r\u00f3wnie\u017c rozszerzone ubezpieczenie od:<\/p>\n<p>\u2022\u00a0zalania,<br \/>\n\u2022\u00a0przepi\u0119cia,<br \/>\n\u2022\u00a0uderzenia pojazdu,<br \/>\n\u2022\u00a0upadku drzew lub innych przedmiot\u00f3w,<br \/>\n\u2022\u00a0dewastacji, wandalizmu<br \/>\n\u2022\u00a0zapadania si\u0119 ziemi,<br \/>\n\u2022\u00a0katastrofy budowlanej,<br \/>\n\u2022\u00a0uszkodzenia szyb i innych przedmiot\u00f3w od st\u0142uczenia,<br \/>\n\u2022\u00a0b\u0142\u0119du u\u017cytkownika oprogramowania,<br \/>\n\u2022\u00a0utraty danych, utraty oprogramowania,<br \/>\n\u2022\u00a0rozmro\u017cenia towar\u00f3w,<br \/>\n\u2022\u00a0uszkodze\u0144 i awarii maszyn elektrycznych,<br \/>\n\u2022\u00a0odpowiedzialno\u015bci cywilnej &#8211; oc dzia\u0142alno\u015bci np.:<\/p>\n<ul>\n<li>OC firmy deliktowe,<\/li>\n<li>OC firmy kontraktowe,<\/li>\n<li>OC pracodawcy,<\/li>\n<li>OC przewo\u017anika w ruchu krajowym\/mi\u0119dzynarodowym,<\/li>\n<li>OC za szkody w \u015brodowisku,<\/li>\n<li>OC najemcy,<\/li>\n<li>OC aptek,<\/li>\n<li>OC z tytu\u0142u posiadania w\u00f3zk\u00f3w wid\u0142owych,<\/li>\n<li>OC podmiot\u00f3w prowadz\u0105cych dzia\u0142alno\u015b\u0107 gastronomiczn\u0105,<\/li>\n<li>OC podmiot\u00f3w prowadz\u0105cych hotele,<\/li>\n<li>OC architekta,<\/li>\n<li>OC in\u017cyniera budownictwa,<\/li>\n<li>OC komornika s\u0105dowego,<\/li>\n<li>OC zarz\u0105dcy nieruchomo\u015bci,<\/li>\n<li>OC rzeczoznawcy maj\u0105tkowego,<\/li>\n<li>OC po\u015brednika w obrocie nieruchomo\u015bciami,<\/li>\n<li>OC detektywa,<\/li>\n<li>OC brokera,<\/li>\n<li>OC agenta ubezpieczeniowego,<\/li>\n<li>OC kancelarii prawniczej,<\/li>\n<li>OC geodety,<\/li>\n<li>OC lekarza weterynarii,<\/li>\n<li>OC t\u0142umacza,<\/li>\n<li>OC doradcy podatkowego,<\/li>\n<li>OC doradcy technicznego,<\/li>\n<li>OC syndyka,<\/li>\n<li>OC urbanisty,<\/li>\n<li>OC projektanta technicznego,<\/li>\n<li>OC adwokata,<\/li>\n<li>OC radcy prawnego,<\/li>\n<li>OC notariusza,<\/li>\n<li>OC podmiotu uprawnionego do badania sprawozda\u0144 finansowych,<\/li>\n<li>OC podmiotu uprawnionego do prowadzenia ksi\u0105g rachunkowych,<\/li>\n<li>etc.<\/li>\n<\/ul>\n<h2>SYSTEMY UBEZPIECZENIA MIENIA FIRMOWEGO<\/h2>\n<p>Decyduj\u0105c si\u0119 na ubezpieczenie mienia firmowego nale\u017cy dokona\u0107 rzetelnego wyboru wysoko\u015bci sum ubezpieczenia poszczeg\u00f3lnych sk\u0142adnik\u00f3w maj\u0105tku, a tak\u017ce samego systemu ubezpieczenia. Najcz\u0119\u015bciej stosowane 4 systemy to:<\/p>\n<p>&#8211; system ubezpieczenia na sumy sta\u0142e &#8211; Ubezpieczenie dotyczy ca\u0142kowitej warto\u015bci mienia (w razie szkody odszkodowanie zostanie wyp\u0142acone do ustalonej wysoko\u015bci). Ka\u017cdorazowa wyp\u0142ata odszkodowania pomniejsza sum\u0119 ubezpieczenia. System stosuje si\u0119, gdy mienie jest zgromadzone w jednej lokalizacji oraz w przypadku ruchomo\u015bci o niewielkiej warto\u015bci<\/p>\n<p>&#8211; system ubezpieczenia solidarnie na sumy sta\u0142e &#8211; Ubezpieczenie dotyczy ca\u0142ej warto\u015bci mienia bez podzia\u0142u na lokalizacje. Ochron\u0105 obj\u0119te jest mienie ruchome zlokalizowane w kilku r\u00f3\u017cnych miejscach, pod warunkiem \u017ce ca\u0142o\u015b\u0107 uj\u0119ta jest we wsp\u00f3lnej ksi\u0119gowo\u015bci.<\/p>\n<p>&#8211; system ubezpieczenia na sumy zmienne &#8211; Ubezpieczenie dotyczy przewidywanej najwy\u017cszej dziennej warto\u015bci \u015brodk\u00f3w obrotowych, jakie mog\u0105 zosta\u0107 zgromadzone w okre\u015blonym miejscu w czasie obowi\u0105zywania umowy. System dotyczy najcz\u0119\u015bciej \u015brodk\u00f3w obrotowych, got\u00f3wki i mienia w transporcie.<\/p>\n<p>&#8211; system ubezpieczenia na pierwsze ryzyko &#8211; Ubezpieczenie dotyczy mienia ruchomego o warto\u015bci odpowiadaj\u0105cej maksymalnej potencjalnej stracie, kt\u00f3ra mog\u0142aby by\u0107 nast\u0119pstwem jednego zdarzenia losowego. System stosuje si\u0119, gdy istnieje ma\u0142e ryzyko wyst\u0105pienia szkody ca\u0142kowitej, np.: w ubezpieczeniach od kradzie\u017cy z w\u0142amaniem i rabunku.<\/p>\n<p>Zapraszamy<\/p>\n<\/div>\n<\/div>\n<\/div>\n<\/div>\n<\/div>\n<\/section>\n<\/div>\n<p>&nbsp;<\/p>\n<p>W ramach ubezpieczenia dzia\u0142alno\u015bci gospodarczej ubezpieczysz OC dzia\u0142alno\u015bci, mienie firmy, ubezpieczenie NNW pracownik\u00f3w a tak\u017ce grupowe ubezpieczenie zdrowotne.<\/p>\n<p>Oferujemy Ci:<\/p>\n<ul>\n<li>szeroki i elastyczny zakres ochrony, p\u0142acisz tylko za to czego naprawd\u0119 potrzebujesz,<\/li>\n<li>ochron\u0119 od wszystkich ryzyk (all risks) lub ryzyka nazwane,<\/li>\n<li>brak obowi\u0105zkowych ryzyk, to Ty najlepiej wiesz czego potrzebujesz.<\/li>\n<\/ul>\n<p>W ramach pakietu zapewniamy Ci ubezpieczenie mienia od wszystkich ryzyk, wandalizmu, <strong>kradzie\u017cy z w\u0142amaniem i rabunku, ognia<\/strong> i innych <strong>zdarze\u0144 losowych<\/strong>. Przy kompleksowym ubezpieczeniu mienia i samochod\u00f3w firmy oferujemy Ci dodatkowy system zni\u017cek i rabat\u00f3w.<\/p>\n<p>Dodatkowo w ramach pakietu istnieje mo\u017cliwo\u015b\u0107 wykupienia <strong>ubezpieczenia assistance<\/strong>. Dzi\u0119ki niemu Jeste\u015b pod<strong> sta\u0142\u0105 opiek\u0105<\/strong>. W ramach ubezpieczenia assistance oferujemy organizacj\u0119 i pokrycie koszt\u00f3w \u015bwiadcze\u0144 assistance w zakresie pomocy technicznej firmie, <strong>pomocy<\/strong> medycznej w Polsce oraz firmowy serwis informacyjno-administracyjny.<\/p>\n","protected":false},"excerpt":{"rendered":"<p>Ubezpieczenie firmy Dobre ubezpieczenie firmy, czy przedsi\u0119biorstwa to ubezpieczenie kompleksowe. Dzi\u0119ki niemu przedsi\u0119biorca minimalizuje, lub eliminuje wiele ryzyk, kt\u00f3re mog\u0105 sparali\u017cowa\u0107 bie\u017c\u0105c\u0105 dzia\u0142alno\u015b\u0107 firmy. Szeroki zakres mo\u017cliwych ubezpiecze\u0144 wchodz\u0105cych w sk\u0142ad \u201eubezpieczenia firmowego\u201d zobowi\u0105zuje nas do dok\u0142adnego i rzetelnego podej\u015bcia w przygotowaniu oferty. W rezultacie ubezpieczane przez nas ma\u0142e i du\u017ce firmy minimalizuj\u0105 ryzyko strat, [&hellip;]<\/p>\n","protected":false},"author":1,"featured_media":0,"parent":0,"menu_order":0,"comment_status":"closed","ping_status":"open","template":"","meta":{"ngg_post_thumbnail":0,"footnotes":""},"class_list":["post-41","page","type-page","status-publish","czr-hentry"],"_links":{"self":[{"href":"https:\/\/e-ubezpieczenia.net.pl\/index.php?rest_route=\/wp\/v2\/pages\/41","targetHints":{"allow":["GET"]}}],"collection":[{"href":"https:\/\/e-ubezpieczenia.net.pl\/index.php?rest_route=\/wp\/v2\/pages"}],"about":[{"href":"https:\/\/e-ubezpieczenia.net.pl\/index.php?rest_route=\/wp\/v2\/types\/page"}],"author":[{"embeddable":true,"href":"https:\/\/e-ubezpieczenia.net.pl\/index.php?rest_route=\/wp\/v2\/users\/1"}],"replies":[{"embeddable":true,"href":"https:\/\/e-ubezpieczenia.net.pl\/index.php?rest_route=%2Fwp%2Fv2%2Fcomments&post=41"}],"version-history":[{"count":2,"href":"https:\/\/e-ubezpieczenia.net.pl\/index.php?rest_route=\/wp\/v2\/pages\/41\/revisions"}],"predecessor-version":[{"id":178,"href":"https:\/\/e-ubezpieczenia.net.pl\/index.php?rest_route=\/wp\/v2\/pages\/41\/revisions\/178"}],"wp:attachment":[{"href":"https:\/\/e-ubezpieczenia.net.pl\/index.php?rest_route=%2Fwp%2Fv2%2Fmedia&parent=41"}],"curies":[{"name":"wp","href":"https:\/\/api.w.org\/{rel}","templated":true}]}}