{"id":29,"date":"2014-11-23T17:35:53","date_gmt":"2014-11-23T17:35:53","guid":{"rendered":"http:\/\/e-ubezpieczenia.net.pl\/?page_id=29"},"modified":"2015-02-04T16:22:00","modified_gmt":"2015-02-04T16:22:00","slug":"mieszkanie-dom","status":"publish","type":"page","link":"https:\/\/e-ubezpieczenia.net.pl\/?page_id=29","title":{"rendered":"Dom i Mieszkanie"},"content":{"rendered":"<p>&nbsp;<\/p>\n<p><a href=\"http:\/\/e-ubezpieczenia.net.pl\/wp-content\/uploads\/2014\/11\/dom-i-mieszkanie.jpg\"><img loading=\"lazy\" decoding=\"async\" class=\"  wp-image-14 alignright\" src=\"http:\/\/e-ubezpieczenia.net.pl\/wp-content\/uploads\/2014\/11\/dom-i-mieszkanie.jpg\" alt=\"dom-i-mieszkanie\" width=\"750\" height=\"176\" srcset=\"https:\/\/e-ubezpieczenia.net.pl\/wp-content\/uploads\/2014\/11\/dom-i-mieszkanie.jpg 1960w, https:\/\/e-ubezpieczenia.net.pl\/wp-content\/uploads\/2014\/11\/dom-i-mieszkanie-300x70.jpg 300w, https:\/\/e-ubezpieczenia.net.pl\/wp-content\/uploads\/2014\/11\/dom-i-mieszkanie-1024x240.jpg 1024w, https:\/\/e-ubezpieczenia.net.pl\/wp-content\/uploads\/2014\/11\/dom-i-mieszkanie-210x49.jpg 210w\" sizes=\"auto, (max-width: 750px) 100vw, 750px\" \/><\/a><strong>Ubezpiecz z Nami Dom lub mieszkanie<\/strong><\/p>\n<p>Zaproponujemy najbardziej korzystne rozwi\u0105zania ochrony twojego mienia i doradzimy jaka ofert\u0119 dogodn\u0105 \u00a0finansowo wybra\u0107:<\/p>\n<p>&nbsp;<\/p>\n<p>&nbsp;<\/p>\n<p>&nbsp;<\/p>\n<p>Oferujemy :<\/p>\n<p><a title=\"Ubezpieczenie Domu\" href=\"http:\/\/e-ubezpieczenia.net.pl\/ubezpieczenie-domu\/\"> <strong>Ubezpieczenie domu<\/strong><\/a><br \/>\n<strong><a title=\"Ubezpieczenie mieszkania\" href=\"http:\/\/e-ubezpieczenia.net.pl\/mieszkanie-dom\/ubezpieczenie-mieszkania\/\">Ubezpieczenie mieszka\u0144<\/a><\/strong><\/p>\n<hr \/>\n<p>&nbsp;<\/p>\n","protected":false},"excerpt":{"rendered":"<p>&nbsp; Ubezpiecz z Nami Dom lub mieszkanie Zaproponujemy najbardziej korzystne rozwi\u0105zania ochrony twojego mienia i doradzimy jaka ofert\u0119 dogodn\u0105 \u00a0finansowo wybra\u0107: &nbsp; &nbsp; &nbsp; Oferujemy : Ubezpieczenie domu Ubezpieczenie mieszka\u0144 &nbsp;<\/p>\n","protected":false},"author":1,"featured_media":0,"parent":0,"menu_order":0,"comment_status":"closed","ping_status":"open","template":"","meta":{"ngg_post_thumbnail":0,"footnotes":""},"class_list":["post-29","page","type-page","status-publish","czr-hentry"],"_links":{"self":[{"href":"https:\/\/e-ubezpieczenia.net.pl\/index.php?rest_route=\/wp\/v2\/pages\/29","targetHints":{"allow":["GET"]}}],"collection":[{"href":"https:\/\/e-ubezpieczenia.net.pl\/index.php?rest_route=\/wp\/v2\/pages"}],"about":[{"href":"https:\/\/e-ubezpieczenia.net.pl\/index.php?rest_route=\/wp\/v2\/types\/page"}],"author":[{"embeddable":true,"href":"https:\/\/e-ubezpieczenia.net.pl\/index.php?rest_route=\/wp\/v2\/users\/1"}],"replies":[{"embeddable":true,"href":"https:\/\/e-ubezpieczenia.net.pl\/index.php?rest_route=%2Fwp%2Fv2%2Fcomments&post=29"}],"version-history":[{"count":14,"href":"https:\/\/e-ubezpieczenia.net.pl\/index.php?rest_route=\/wp\/v2\/pages\/29\/revisions"}],"predecessor-version":[{"id":424,"href":"https:\/\/e-ubezpieczenia.net.pl\/index.php?rest_route=\/wp\/v2\/pages\/29\/revisions\/424"}],"wp:attachment":[{"href":"https:\/\/e-ubezpieczenia.net.pl\/index.php?rest_route=%2Fwp%2Fv2%2Fmedia&parent=29"}],"curies":[{"name":"wp","href":"https:\/\/api.w.org\/{rel}","templated":true}]}}