{"id":11,"date":"2014-11-23T16:37:20","date_gmt":"2014-11-23T16:37:20","guid":{"rendered":"http:\/\/e-ubezpieczenia.net.pl\/?page_id=11"},"modified":"2018-06-27T16:06:21","modified_gmt":"2018-06-27T16:06:21","slug":"kontakt","status":"publish","type":"page","link":"https:\/\/e-ubezpieczenia.net.pl\/?page_id=11","title":{"rendered":"Kontakt z Nami"},"content":{"rendered":"<p class=\"center\" style=\"text-align: center;\"><em><strong>&nbsp;<\/strong><\/em><\/p>\n<h3>ABM UBEZPIECZENIA<\/h3>\n<p>[contact-form-7 id=&#8221;174&#8243; title=&#8221;kontakt2&#8243;]<\/p>\n<p class=\"center\" style=\"text-align: center;\"><a href=\"http:\/\/e-ubezpieczenia.net.pl\/wp-content\/uploads\/2015\/01\/abm_bez_tla.png\"><img loading=\"lazy\" decoding=\"async\" class=\"aligncenter wp-image-323 \" src=\"http:\/\/e-ubezpieczenia.net.pl\/wp-content\/uploads\/2015\/01\/abm_bez_tla-300x41.png\" alt=\"abm_bez_tla\" width=\"410\" height=\"56\" srcset=\"https:\/\/e-ubezpieczenia.net.pl\/wp-content\/uploads\/2015\/01\/abm_bez_tla-300x41.png 300w, https:\/\/e-ubezpieczenia.net.pl\/wp-content\/uploads\/2015\/01\/abm_bez_tla-100x14.png 100w, https:\/\/e-ubezpieczenia.net.pl\/wp-content\/uploads\/2015\/01\/abm_bez_tla-150x21.png 150w, https:\/\/e-ubezpieczenia.net.pl\/wp-content\/uploads\/2015\/01\/abm_bez_tla-200x28.png 200w, https:\/\/e-ubezpieczenia.net.pl\/wp-content\/uploads\/2015\/01\/abm_bez_tla-450x62.png 450w, https:\/\/e-ubezpieczenia.net.pl\/wp-content\/uploads\/2015\/01\/abm_bez_tla.png 587w\" sizes=\"auto, (max-width: 410px) 100vw, 410px\" \/><\/a><\/p>\n<p class=\"center\" style=\"text-align: center;\">ul. Szafera 1<br \/>\n31-543 Krak\u00f3w<br \/>\nGodziny otwarcia:<br \/>\nPoniedzia\u0142ek &#8211; Pi\u0105tek: 08<sup>30<\/sup> &#8211; 17<sup>30<\/sup><\/p>\n<p style=\"text-align: center;\">ubezpieczenia Krak\u00f3w sobota : 10<sup>00<\/sup> &#8211; 13<sup>00<\/sup><\/p>\n<hr>\n<p class=\"center\" style=\"text-align: center;\"><sup>\n<div class=\"ngg-galleryoverview ngg-slideshow\"\n\tid=\"ngg-slideshow-79712465874763e59e680520afaa223b-1140533740\"\n\tdata-gallery-id=\"79712465874763e59e680520afaa223b\"\n\tstyle=\"max-width: 600px;\n\t\t\tmax-height: 400px;\n\t\t\tdisplay: none;\">\n\n\t\n\t\t<a href=\"https:\/\/e-ubezpieczenia.net.pl\/wp-content\/gallery\/firma\/photo-1.jpg\"\n\t\t\ttitle=\"\"\n\t\t\tdata-src=\"https:\/\/e-ubezpieczenia.net.pl\/wp-content\/gallery\/firma\/photo-1.jpg\"\n\t\t\tdata-thumbnail=\"https:\/\/e-ubezpieczenia.net.pl\/wp-content\/gallery\/firma\/thumbs\/thumbs_photo-1.jpg\"\n\t\t\tdata-image-id=\"11\"\n\t\t\tdata-title=\"photo (1)\"\n\t\t\tdata-description=\"\"\n\t\t\tclass=\"ngg-fancybox\" rel=\"79712465874763e59e680520afaa223b\">\n\n\t\t\t<img data-image-id='11'\n\t\t\t\ttitle=\"\"\n\t\t\t\talt=\"photo (1)\"\n\t\t\t\tsrc=\"https:\/\/e-ubezpieczenia.net.pl\/wp-content\/gallery\/firma\/photo-1.jpg\"\n\t\t\t\tstyle=\"max-height: 380px;\"\/>\n\t\t<\/a>\n\n\t\t\n\t\t<a href=\"https:\/\/e-ubezpieczenia.net.pl\/wp-content\/gallery\/firma\/photo-2.jpg\"\n\t\t\ttitle=\" \"\n\t\t\tdata-src=\"https:\/\/e-ubezpieczenia.net.pl\/wp-content\/gallery\/firma\/photo-2.jpg\"\n\t\t\tdata-thumbnail=\"https:\/\/e-ubezpieczenia.net.pl\/wp-content\/gallery\/firma\/thumbs\/thumbs_photo-2.jpg\"\n\t\t\tdata-image-id=\"12\"\n\t\t\tdata-title=\"photo (2)\"\n\t\t\tdata-description=\" \"\n\t\t\tclass=\"ngg-fancybox\" rel=\"79712465874763e59e680520afaa223b\">\n\n\t\t\t<img data-image-id='12'\n\t\t\t\ttitle=\" \"\n\t\t\t\talt=\"photo (2)\"\n\t\t\t\tsrc=\"https:\/\/e-ubezpieczenia.net.pl\/wp-content\/gallery\/firma\/photo-2.jpg\"\n\t\t\t\tstyle=\"max-height: 380px;\"\/>\n\t\t<\/a>\n\n\t\t\n\t\t<a href=\"https:\/\/e-ubezpieczenia.net.pl\/wp-content\/gallery\/firma\/photo.jpg\"\n\t\t\ttitle=\" \"\n\t\t\tdata-src=\"https:\/\/e-ubezpieczenia.net.pl\/wp-content\/gallery\/firma\/photo.jpg\"\n\t\t\tdata-thumbnail=\"https:\/\/e-ubezpieczenia.net.pl\/wp-content\/gallery\/firma\/thumbs\/thumbs_photo.jpg\"\n\t\t\tdata-image-id=\"13\"\n\t\t\tdata-title=\"photo\"\n\t\t\tdata-description=\" \"\n\t\t\tclass=\"ngg-fancybox\" rel=\"79712465874763e59e680520afaa223b\">\n\n\t\t\t<img data-image-id='13'\n\t\t\t\ttitle=\" \"\n\t\t\t\talt=\"photo\"\n\t\t\t\tsrc=\"https:\/\/e-ubezpieczenia.net.pl\/wp-content\/gallery\/firma\/photo.jpg\"\n\t\t\t\tstyle=\"max-height: 380px;\"\/>\n\t\t<\/a>\n\n\t\t<\/div>\n\n\n<\/sup><\/p>\n<p style=\"text-align: center;\"><strong>&nbsp;<\/strong><strong>tel. (12) 294 18 46<\/strong><a href=\"http:\/\/e-ubezpieczenia.net.pl\/wp-content\/uploads\/2014\/12\/phone.png\"><br \/>\n<\/a>tel. (12) 294 18 48<\/p>\n<p style=\"text-align: center;\">kom.: 604 51 74 34<\/p>\n<p style=\"text-align: center;\">e-mail: <a href=\"https:\/\/mail.google.com\/mail\/?view=cm&amp;fs=1&amp;tf=1&amp;to=abm.wlodarczyk@ubezpieczenia.biz.pl\" target=\"_blank\" rel=\"noopener\">abm.wlodarczyk@ubezpieczenia.biz.pl<\/a><br \/>\nwww: <a href=\"http:\/\/e-ubezpieczenia.net.pl\/\">www.e-ubezpieczenia.net.pl<\/a><\/p>\n<p style=\"text-align: center;\"><iframe loading=\"lazy\" style=\"border: 0;\" src=\"https:\/\/www.google.com\/maps\/embed?pb=!1m14!1m8!1m3!1d10245.554109995674!2d19.963094!3d50.060285!3m2!1i1024!2i768!4f13.1!3m3!1m2!1s0x0%3A0x98b1960674bf30f9!2sABM.+Zesp%C3%B3%C5%82+po%C5%9Brednictwa+ubezpieczeniowego!5e0!3m2!1spl!2spl!4v1416763278802\" width=\"600\" height=\"450\" frameborder=\"0\"><\/iframe><\/p>\n","protected":false},"excerpt":{"rendered":"<p>&nbsp; ABM UBEZPIECZENIA [contact-form-7 id=&#8221;174&#8243; title=&#8221;kontakt2&#8243;] ul. Szafera 1 31-543 Krak\u00f3w Godziny otwarcia: Poniedzia\u0142ek &#8211; Pi\u0105tek: 0830 &#8211; 1730 ubezpieczenia Krak\u00f3w sobota : 1000 &#8211; 1300 &nbsp;tel. (12) 294 18 46 tel. (12) 294 18 48 kom.: 604 51 74 34 e-mail: abm.wlodarczyk@ubezpieczenia.biz.pl www: www.e-ubezpieczenia.net.pl<\/p>\n","protected":false},"author":1,"featured_media":451,"parent":0,"menu_order":0,"comment_status":"closed","ping_status":"open","template":"","meta":{"ngg_post_thumbnail":0,"footnotes":""},"class_list":["post-11","page","type-page","status-publish","has-post-thumbnail","czr-hentry"],"_links":{"self":[{"href":"https:\/\/e-ubezpieczenia.net.pl\/index.php?rest_route=\/wp\/v2\/pages\/11","targetHints":{"allow":["GET"]}}],"collection":[{"href":"https:\/\/e-ubezpieczenia.net.pl\/index.php?rest_route=\/wp\/v2\/pages"}],"about":[{"href":"https:\/\/e-ubezpieczenia.net.pl\/index.php?rest_route=\/wp\/v2\/types\/page"}],"author":[{"embeddable":true,"href":"https:\/\/e-ubezpieczenia.net.pl\/index.php?rest_route=\/wp\/v2\/users\/1"}],"replies":[{"embeddable":true,"href":"https:\/\/e-ubezpieczenia.net.pl\/index.php?rest_route=%2Fwp%2Fv2%2Fcomments&post=11"}],"version-history":[{"count":28,"href":"https:\/\/e-ubezpieczenia.net.pl\/index.php?rest_route=\/wp\/v2\/pages\/11\/revisions"}],"predecessor-version":[{"id":462,"href":"https:\/\/e-ubezpieczenia.net.pl\/index.php?rest_route=\/wp\/v2\/pages\/11\/revisions\/462"}],"wp:featuredmedia":[{"embeddable":true,"href":"https:\/\/e-ubezpieczenia.net.pl\/index.php?rest_route=\/wp\/v2\/media\/451"}],"wp:attachment":[{"href":"https:\/\/e-ubezpieczenia.net.pl\/index.php?rest_route=%2Fwp%2Fv2%2Fmedia&parent=11"}],"curies":[{"name":"wp","href":"https:\/\/api.w.org\/{rel}","templated":true}]}}